{"id":63,"date":"2020-10-15T10:50:31","date_gmt":"2020-10-15T10:50:31","guid":{"rendered":"https:\/\/ceipclaracampoamormalaga.es\/?page_id=63"},"modified":"2025-09-12T08:12:36","modified_gmt":"2025-09-12T08:12:36","slug":"secretaria","status":"publish","type":"page","link":"https:\/\/ceipclaracampoamormalaga.es\/index.php\/secretaria\/","title":{"rendered":"Secretaria"},"content":{"rendered":"\n<h2 class=\"wp-block-heading\"><strong>Horario de secretar\u00eda.<\/strong><\/h2>\n\n\n\n<p>       <strong> De 9:15 a 10:45.<\/strong>            <\/p>\n\n\n\n<p>       <strong> Correo electr\u00f3nico: secretaria@ceipclaracampoamormalaga.es<\/strong><\/p>\n\n\n\n<p><strong>Impresos.<\/strong><\/p>\n\n\n<ul>\n<li><a href=\"https:\/\/ceipclaracampoamormalaga.es\/wp-content\/uploads\/2020\/10\/Formulario-de-alegaciones.pdf\">Formulario de alegaciones.<\/a><\/li>\n<li><a href=\"https:\/\/ceipclaracampoamormalaga.es\/wp-content\/uploads\/2020\/12\/Control-de-asistencia.pdf\">Control de asistencia.<\/a><\/li>\n<li><a href=\"https:\/\/ceipclaracampoamormalaga.es\/wp-content\/uploads\/2020\/10\/Justificacion-de-asistencia.pdf\">Justificaci\u00f3n de ausencia.<\/a><\/li>\n<li><a href=\"https:\/\/ceipclaracampoamormalaga.es\/wp-content\/uploads\/2020\/10\/Autorizacion-para-salir-el-alumnado-solos-a-la-14_00-16_00-o-18_00.pdf\">Autorizaci\u00f3n para salir el alumnado solo a las 14:00, 16:00 o 18:00.<\/a><\/li>\n<li><a href=\"https:\/\/ceipclaracampoamormalaga.es\/wp-content\/uploads\/2024\/04\/Anexo-VI-autorizacion-para-la-utilizacion-de-las-instalaciones.pdf\">Autorizaci\u00f3n de proyectos para la utilizaci\u00f3n de las instalaciones del centro fuera del horario escolar.<\/a><\/li>\n<li><a href=\"https:\/\/ceipclaracampoamormalaga.es\/wp-content\/uploads\/2020\/10\/Documento-para-la-cesion-de-las-instalaciones-para-la-realizacion-de-actividades-educativas-culturales-artistica-deportivas-o-sociales-de-manera-puntual.pdf\">Documento para la cesi\u00f3n de las instalaciones para la realizaci\u00f3n de actividades educativas, culturales, art\u00edstica, deportivas o sociales de manera puntual.<\/a><\/li>\n<li><a href=\"https:\/\/ceipclaracampoamormalaga.es\/wp-content\/uploads\/2020\/10\/Autorizacion-5-chupetes.pdf\">Autorizaci\u00f3n 5 Chupetes.<\/a><\/li>\n<li><a href=\"https:\/\/ceipclaracampoamormalaga.es\/wp-content\/uploads\/2020\/10\/Autorizacion-de-recogida-del-alumnado-por-parte-de-personas-distinta-de-los-padres.pdf\">Autorizaci\u00f3n de recogida del alumnado por parte de personas distintas de los padres.<\/a><\/li>\n<li><a href=\"https:\/\/ceipclaracampoamormalaga.es\/wp-content\/uploads\/2020\/10\/Consentimiento-familiar-imagen-del-menor.pdf\">Consentimiento familiar para publicar imagen del menor.<\/a><\/li>\n<\/ul>\n\n\n<p><strong>Impresos de admisi\u00f3n.<\/strong><\/p>\n\n\n\n<p><\/p>\n\n\n<ul>\n<li><a href=\"https:\/\/ceipclaracampoamormalaga.es\/wp-content\/uploads\/2024\/02\/Anexo-III.pdf\">Solicitud de admisi\u00f3n.<\/a><\/li>\n<li><a href=\"https:\/\/ceipclaracampoamormalaga.es\/wp-content\/uploads\/2024\/02\/Calendario-y-baremo-2024-2025.pdf\">Calendario y baremo del procedimiento de admisi\u00f3n.<\/a><\/li>\n<li><a href=\"https:\/\/ceipclaracampoamormalaga.es\/wp-content\/uploads\/2021\/03\/Mapa-de-influencia.pdf\">Mapa del \u00e1rea de influencia.<\/a><\/li>\n<\/ul>\n<p><strong>Impresos de matr\u00edcula.<\/strong><\/p>\n<ul>\n<li><a href=\"https:\/\/ceipclaracampoamormalaga.es\/wp-content\/uploads\/2020\/10\/Impreso-de-Matricula-2-ciclo-de-infantil-rellenable.pdf\">Impreso de matr\u00edcula del segundo ciclo de infantil.<\/a><\/li>\n<li><a href=\"https:\/\/ceipclaracampoamormalaga.es\/wp-content\/uploads\/2020\/10\/Impreso-Matricula-Primaria-rellenable.pdf\">Impreso de matr\u00edcula de primaria.<\/a><\/li>\n<li><a href=\"https:\/\/ceipclaracampoamormalaga.es\/wp-content\/uploads\/2020\/10\/Impreso-de-Matricula-Aula-Especifica-rellenable.pdf\">Impreso de matr\u00edcula de aula espec\u00edfica.<\/a><\/li>\n<li><a href=\"https:\/\/ceipclaracampoamormalaga.es\/wp-content\/uploads\/2020\/10\/Caracter-educativo-de-la-educacion-infantil-rellenable.pdf\">Car\u00e1cter educativo de la educaci\u00f3n infantil.<\/a><\/li>\n<li><a href=\"https:\/\/ceipclaracampoamormalaga.es\/wp-content\/uploads\/2020\/10\/Hoja-de-recogida-de-datos-familiares.pdf\">Hoja de recogida de datos familiares.<\/a><\/li>\n<li><a href=\"https:\/\/ceipclaracampoamormalaga.es\/wp-content\/uploads\/2021\/05\/Anexo-religion.pdf\">Solicitud para cursar religi\u00f3n o la alternativa.<\/a><\/li>\n<\/ul>\n<p><strong>Actividades extraescolares.<\/strong><\/p>\n<ul>\n<li><a href=\"https:\/\/ceipclaracampoamormalaga.es\/wp-content\/uploads\/2024\/04\/Anexo-II-Aula-Matinal-y-Comedor.pdf\">Solicitud de aula matinal y comedor.<\/a><\/li>\n<li><a href=\"https:\/\/ceipclaracampoamormalaga.es\/wp-content\/uploads\/2023\/09\/Autorizacion-salida-comedor.pdf\">Autorizaci\u00f3n salida del comedor.<\/a><\/li>\n<li><a href=\"https:\/\/ceipclaracampoamormalaga.es\/wp-content\/uploads\/2020\/10\/Autorizacion-de-la-recogida-de-los-alumnos-del-comedor.pdf\">Autorizaci\u00f3n de la recogida de los alumnos\/as del comedor.<\/a><\/li>\n<li><a href=\"https:\/\/ceipclaracampoamormalaga.es\/wp-content\/uploads\/2025\/05\/Actividades-Extraescolares-2025_2026.pdf\">Solicitud de las actividades extraescolares.<\/a><\/li>\n<li><a href=\"https:\/\/ceipclaracampoamormalaga.es\/wp-content\/uploads\/2022\/11\/Inscripcion-Escuelas-Deportivas-2022-23.pdf\">Solicitud escuelas deportivas.<\/a><\/li>\n<li><a href=\"https:\/\/ceipclaracampoamormalaga.es\/wp-content\/uploads\/2021\/09\/Solicitud-baloncesto-promesas.pdf\">Solicitud de baloncesto.<\/a><\/li>\n<\/ul>\n<p><img loading=\"lazy\" decoding=\"async\" class=\"alignnone size-medium wp-image-612\" src=\"https:\/\/ceipclaracampoamormalaga.es\/wp-content\/uploads\/2021\/09\/Cartel-baloncesto-194x300.jpg\" alt=\"\" width=\"194\" height=\"300\" srcset=\"https:\/\/ceipclaracampoamormalaga.es\/wp-content\/uploads\/2021\/09\/Cartel-baloncesto-194x300.jpg 194w, https:\/\/ceipclaracampoamormalaga.es\/wp-content\/uploads\/2021\/09\/Cartel-baloncesto-662x1024.jpg 662w, https:\/\/ceipclaracampoamormalaga.es\/wp-content\/uploads\/2021\/09\/Cartel-baloncesto-768x1187.jpg 768w, https:\/\/ceipclaracampoamormalaga.es\/wp-content\/uploads\/2021\/09\/Cartel-baloncesto-994x1536.jpg 994w, https:\/\/ceipclaracampoamormalaga.es\/wp-content\/uploads\/2021\/09\/Cartel-baloncesto.jpg 1035w\" sizes=\"auto, (max-width: 194px) 100vw, 194px\" \/><\/p>\n<ul>\n<li><a href=\"https:\/\/ceipclaracampoamormalaga.es\/wp-content\/uploads\/2020\/10\/Solicitud-de-Baja-Actividades-Extraescolares.pdf\">Solicitud de baja actividades extraescolares.<\/a><\/li>\n<li><a href=\"https:\/\/ceipclaracampoamormalaga.es\/wp-content\/uploads\/2021\/06\/HOJA-DE-PREINSCRIPCION-JUDO-COLEGIO-CLARA-CAMPOAMOR.pdf\">Hoja preinscripci\u00f3n judo.<\/a><\/li>\n<\/ul>\n<p><img loading=\"lazy\" decoding=\"async\" class=\"alignnone size-medium wp-image-705\" src=\"https:\/\/ceipclaracampoamormalaga.es\/wp-content\/uploads\/2021\/11\/Judo-212x300.jpg\" alt=\"\" width=\"212\" height=\"300\" srcset=\"https:\/\/ceipclaracampoamormalaga.es\/wp-content\/uploads\/2021\/11\/Judo-212x300.jpg 212w, https:\/\/ceipclaracampoamormalaga.es\/wp-content\/uploads\/2021\/11\/Judo-724x1024.jpg 724w, https:\/\/ceipclaracampoamormalaga.es\/wp-content\/uploads\/2021\/11\/Judo-768x1087.jpg 768w, https:\/\/ceipclaracampoamormalaga.es\/wp-content\/uploads\/2021\/11\/Judo-1086x1536.jpg 1086w, https:\/\/ceipclaracampoamormalaga.es\/wp-content\/uploads\/2021\/11\/Judo-1447x2048.jpg 1447w, https:\/\/ceipclaracampoamormalaga.es\/wp-content\/uploads\/2021\/11\/Judo-scaled.jpg 1809w\" sizes=\"auto, (max-width: 212px) 100vw, 212px\" \/><\/p>\n<ul>\n<li><a href=\"https:\/\/ceipclaracampoamormalaga.es\/wp-content\/uploads\/2024\/04\/Anexo-V-Bonificacion.pdf\">Anexo V Solicitud de bonificaci\u00f3n.<\/a><\/li>\n<\/ul>\n<p><img loading=\"lazy\" decoding=\"async\" class=\"alignnone size-medium wp-image-712\" src=\"https:\/\/ceipclaracampoamormalaga.es\/wp-content\/uploads\/2021\/11\/Futbol-sala-237x300.jpg\" alt=\"\" width=\"237\" height=\"300\" srcset=\"https:\/\/ceipclaracampoamormalaga.es\/wp-content\/uploads\/2021\/11\/Futbol-sala-237x300.jpg 237w, https:\/\/ceipclaracampoamormalaga.es\/wp-content\/uploads\/2021\/11\/Futbol-sala.jpg 695w\" sizes=\"auto, (max-width: 237px) 100vw, 237px\" \/><img loading=\"lazy\" decoding=\"async\" class=\"alignnone size-medium wp-image-714\" src=\"https:\/\/ceipclaracampoamormalaga.es\/wp-content\/uploads\/2021\/11\/Karate-212x300.jpg\" alt=\"\" width=\"212\" height=\"300\" \/><\/p>","protected":false},"excerpt":{"rendered":"<p>Horario de secretar\u00eda. De 9:15 a 10:45. Correo electr\u00f3nico: secretaria@ceipclaracampoamormalaga.es Impresos. Formulario de alegaciones. Control de asistencia. Justificaci\u00f3n de ausencia. Autorizaci\u00f3n para salir el alumnado solo a las 14:00, 16:00 o 18:00. Autorizaci\u00f3n de proyectos para la utilizaci\u00f3n de las &hellip; <a href=\"https:\/\/ceipclaracampoamormalaga.es\/index.php\/secretaria\/\">Sigue leyendo <span class=\"meta-nav\">&rarr;<\/span><\/a><\/p>\n","protected":false},"author":1,"featured_media":0,"parent":0,"menu_order":0,"comment_status":"closed","ping_status":"closed","template":"","meta":{"footnotes":""},"class_list":["post-63","page","type-page","status-publish","hentry"],"_links":{"self":[{"href":"https:\/\/ceipclaracampoamormalaga.es\/index.php\/wp-json\/wp\/v2\/pages\/63","targetHints":{"allow":["GET"]}}],"collection":[{"href":"https:\/\/ceipclaracampoamormalaga.es\/index.php\/wp-json\/wp\/v2\/pages"}],"about":[{"href":"https:\/\/ceipclaracampoamormalaga.es\/index.php\/wp-json\/wp\/v2\/types\/page"}],"author":[{"embeddable":true,"href":"https:\/\/ceipclaracampoamormalaga.es\/index.php\/wp-json\/wp\/v2\/users\/1"}],"replies":[{"embeddable":true,"href":"https:\/\/ceipclaracampoamormalaga.es\/index.php\/wp-json\/wp\/v2\/comments?post=63"}],"version-history":[{"count":81,"href":"https:\/\/ceipclaracampoamormalaga.es\/index.php\/wp-json\/wp\/v2\/pages\/63\/revisions"}],"predecessor-version":[{"id":1232,"href":"https:\/\/ceipclaracampoamormalaga.es\/index.php\/wp-json\/wp\/v2\/pages\/63\/revisions\/1232"}],"wp:attachment":[{"href":"https:\/\/ceipclaracampoamormalaga.es\/index.php\/wp-json\/wp\/v2\/media?parent=63"}],"curies":[{"name":"wp","href":"https:\/\/api.w.org\/{rel}","templated":true}]}}